5
What is the thousands digit of 640162?
0
What is the millions digit of 4162926?
4
What is the hundred thousands digit of 1686689?
6
What is the thousands digit of 520315?
0
What is the thousands digit of 155935?
5
What is the ten millions digit of 24417184?
2
What is the hundreds digit of 550496?
4
What is the tens digit of 1958464?
6
What is the units digit of 5178852?
2
What is the ten thousands digit of 12030184?
3
What is the units digit of 119724?
4
What is the ten thousands digit of 13225?
1
What is the units digit of 11120107?
7
What is the hundreds digit of 2552731?
7
What is the ten thousands digit of 323989?
2
What is the ten thousands digit of 1266536?
6
What is the hundred thousands digit of 1695284?
6
What is the ten thousands digit of 97558?
9
What is the units digit of 129919?
9
What is the tens digit of 557736?
3
What is the tens digit of 15297?
9
What is the hundreds digit of 31647712?
7
What is the tens digit of 15293?
9
What is the thousands digit of 7891602?
1
What is the thousands digit of 268663?
8
What is the hundreds digit of 14046795?
7
What is the tens digit of 217678?
7
What is the ten thousands digit of 321900?
2
What is the units digit of 1810120?
0
What is the hundred thousands digit of 2101519?
1
What is the hundred thousands digit of 6988504?
9
What is the units digit of 855401?
1
What is the thousands digit of 689307?
9
What is the millions digit of 4039576?
4
What is the units digit of 13750?
0
What is the millions digit of 3273645?
3
What is the hundreds digit of 6588065?
0
What is the thousands digit of 5533101?
3
What is the millions digit of 1154091?
1
What is the hundreds digit of 2244717?
7
What is the millions digit of 6103609?
6
What is the millions digit of 5907773?
5
What is the thousands digit of 307402?
7
What is the tens digit of 245006?
0
What is the thousands digit of 543722?
3
What is the hundred thousands digit of 200627?
2
What is the ten thousands digit of 6352056?
5
What is the tens digit of 2947562?
6
What is the hundred thousands digit of 256166?
2
What is the ten thousands digit of 759419?
5
What is the millions digit of 1983056?
1
What is the units digit of 679206?
6
What is the hundreds digit of 4005889?
8
What is the hundred thousands digit of 12988916?
9
What is the hundreds digit of 1221031?
0
What is the thousands digit of 7841008?
1
What is the units digit of 180421?
1
What is the thousands digit of 4067415?
7
What is the hundreds digit of 1411753?
7
What is the units digit of 964480?
0
What is the thousands digit of 690531?
0
What is the units digit of 1354349?
9
What is the tens digit of 10564837?
3
What is the millions digit of 3727020?
3
What is the hundred thousands digit of 787682?
7
What is the hundred thousands digit of 1960457?
9
What is the tens digit of 246480?
8
What is the thousands digit of 984342?
4
What is the tens digit of 6294888?
8
What is the thousands digit of 73317?
3
What is the tens digit of 130031?
3
What is the units digit of 7481087?
7
What is the tens digit of 21808165?
6
What is the units digit of 35628585?
5
What is the tens digit of 3478469?
6
What is the ten thousands digit of 2475802?
7
What is the ten thousands digit of 1047706?
4
What is the hundreds digit of 12901331?
3
What is the hundred thousands digit of 1299578?
2
What is the hundreds digit of 454444?
4
What is the hundreds digit of 19297481?
4
What is the ten thousands digit of 23418467?
1
What is the hundred thousands digit of 1290333?
2
What is the tens digit of 1616?
1
What is the ten millions digit of 11664425?
1
What is the tens digit of 16320248?
4
What is the hundred thousands digit of 374443?
3
What is the hundreds digit of 1038403?
4
What is the tens digit of 3189110?
1
What is the millions digit of 37562862?
7
What is the thousands digit of 7078061?
8
What is the hundreds digit of 757609?
6
What is the tens digit of 229626?
2
What is the hundreds digit of 4166126?
1
What is the ten thousands digit of 2056112?
5
What is the hundreds digit of 18520552?
5
What is the hundreds digit of 2026131?
1
What is the ten thousands digit of 81249?
8
What is the hundred thousands digit of 477267?
4
What is the tens digit of 2997302?
0
What is the thousands digit of 13917836?
7
What is the units digit of 4678952?
2
What is the thousands digit of 1206664?
6
What is the hundred thousands digit of 3482832?
4
What is the hundred thousands digit of 8048281?
0
What is the units digit of 849446?
6
What is the units digit of 12983260?
0
What is the thousands digit of 1143912?
3
What is the hundred thousands digit of 538243?
5
What is the thousands digit of 1173273?
3
What is the ten thousands digit of 183580?
8
What is the millions digit of 1040326?
1
What is the tens digit of 173390?
9
What is the thousands digit of 3630549?
0
What is the ten thousands digit of 193423?
9
What is the ten thousands digit of 3418766?
1
What is the millions digit of 8049197?
8
What is the hundred thousands digit of 540029?
5
What is the ten thousands digit of 1138025?
3
What is the hundreds digit of 328642?
6
What is the tens digit of 185571?
7
What is the ten thousands digit of 9763620?
6
What is the thousands digit of 187921?
7
What is the millions digit of 10655350?
0
What is the thousands digit of 343720?
3
What is the ten thousands digit of 181546?
8
What is the thousands digit of 13774499?
4
What is the ten thousands digit of 578930?
7
What is the tens digit of 1491500?
0
What is the thousands digit of 456329?
6
What is the hundreds digit of 207949?
9
What is the thousands digit of 1305948?
5
What is the thousands digit of 338219?
8
What is the thousands digit of 12199678?
9
What is the ten thousands digit of 743714?
4
What is the thousands digit of 1051983?
1
What is the hundreds digit of 153728?
7
What is the hundreds digit of 2176931?
9
What is the thousands digit of 1484991?
4
What is the hundreds digit of 1633367?
3
What is the tens digit of 149210?
1
What is the millions digit of 9845756?
9
What is the ten thousands digit of 9659282?
5
What is the hundreds digit of 1937789?
7
What is the tens digit of 4735350?
5
What is the ten thousands digit of 147148?
4
What is the tens digit of 20065679?
7
What is the units digit of 3674744?
4
What is the millions digit of 3587593?
3
What is the millions digit of 1902592?
1
What is the tens digit of 190053?
5
What is the tens digit of 196972?
7
What is the units digit of 111203?
3
What is the units digit of 119818?
8
What is the hundreds digit of 25505887?
8
What is the hundred thousands digit of 145016?
1
What is the thousands digit of 123421?
3
What is the hundreds digit of 607760?
7
What is the tens digit of 90272?
7
What is the units digit of 243669?
9
What is the hundred thousands digit of 5847469?
8
What is the units digit of 238821?
1
What is the hundreds digit of 209826?
8
What is the units digit of 135887?
7
What is the units digit of 93412?
2
What is the hundred thousands digit of 9981811?
9
What is the ten thousands digit of 238429?
3
What is the millions digit of 2721934?
2
What is the hundred thousands digit of 4993662?
9
What is the thousands digit of 7115914?
5
What is the hundreds digit of 177913?
9
What is the thousands digit of 6637201?
7
What is the units digit of 937274?
4
What is the hundreds digit of 165072?
0
What is the thousands digit of 12576612?
6
What is the thousands digit of 902736?
2
What is the units digit of 115789?
9
What is the hundred thousands digit of 3226743?
2
What is the ten thousands digit of 158541?
5
What is the thousands digit of 1422668?
2
What is the units digit of 1347609?
9
What is the ten thousands digit of 3570669?
7
What is the millions digit of 1692683?
1
What is the ten thousands digit of 408995?
0
What is the hundred thousands digit of 4784494?
7
What is the hundred thousands digit of 5614562?
6
What is the ten thousands digit of 184259?
8
What is the tens digit of 19536929?
2
What is the millions digit of 3931580?
3
What is the tens digit of 1370978?
7
What is the hundred thousands digit of 517927?
5
What is the hundreds digit of 300042?
0
What is the units digit of 848028?
8
What is the millions digit of 5408014?
5
What is the units digit of 67921?
1
What is the hundreds digit of 93358?
3
What is the ten thousa